and o.
53
Suppose r + a + 7 = -3*a, 3*a = -2*r + 1. Suppose 262 + 76 = 2*z - 2*o, -r*z = -2*o - 833. What is the highest common factor of 55 and z?
55
Suppose 0 = 3*s + 3*z - 399, 0 = -6*s - 4*z + 2*z + 806. Calculate the greatest common factor of s and 180.
45
Suppose -2*g + 3*g = 5*y - 494, g = -3*y + 298. Let j be (310/(-30))/((-2)/24). Let x = j + -113. Calculate the highest common divisor of y and x.
11
Let o = 814 - 541. Let s = o + -137. What is the greatest common factor of 8 and s?
8
Suppose -35*s - 13 = -36*s. Let x(c) be the first derivative of 15*c**2 + c - 3. Let b be x(3). What is the highest common factor of s and b?
13
Let u(s) = -595*s - 140. Let b be u(-1). Calculate the greatest common divisor of 2345 and b.
35
Let r be 10 - ((-12)/21 - (-273)/49). Suppose b - 55 = -d, -10*d + 6*d + 279 = r*b. What is the greatest common factor of b and 413?
59
Suppose m - 28*u - 400 = -32*u, -4*m + 1583 = -u. Calculate the greatest common divisor of 36 and m.
36
Let y(s) = 3*s**2 - 174*s - 2960. Let v be y(-15). What is the greatest common factor of 35 and v?
5
Let o(q) = q**3 - 23*q**2 - 40*q - 24. Let a be o(25). What is the highest common divisor of 13560 and a?
226
Let f(n) = n**2 + 2*n - 22. Let u be f(-6). Suppose 0 = -u*c + 7*c - 440. Calculate the highest common factor of c and 16.
8
Let r = -39707 - -26491. Let w be 2/9 - r/144. Calculate the highest common factor of 46 and w.
46
Suppose d = -2*q - 9 - 14, 0 = -5*q + 4*d - 64. Let j(u) = -24*u + 14*u - u**2 - 10 - 4*u. Let n be j(q). Calculate the greatest common factor of 98 and n.
14
Let f(u) be the second derivative of -u**5/20 + 23*u**4/12 - 11*u**3/3 + 19*u**2 + 101*u. Let x be f(22). What is the highest common divisor of 38 and x?
38
Let u(f) = -2*f**2 - 22*f - 2. Suppose -2*z = -w - 0*z - 8, -5*z + 40 = -5*w. Let v be u(w). What is the greatest common divisor of 23 and v?
23
Suppose -2*g + 2 = 0, g = k - 3*g - 182. Let t = -162 + k. What is the greatest common divisor of 60 and t?
12
Suppose -4*j - c + 314 = 0, 2*j - c - 111 - 43 = 0. Let y = j + -22. Calculate the highest common factor of 16 and y.
8
Let f be (8/(-6))/(4/(-12)). Suppose -4*r + 18 = -5*g, 0 = r + f*g + 3 + 3. Let t be -16*(33/r)/(-1). Calculate the greatest common divisor of t and 24.
24
Let q be (-40)/28*((-2684)/55 - (-1)/(-5)). Let h be (-42)/4*336/(-63). Calculate the greatest common factor of q and h.
14
Let b(i) = i**3 + 8*i**2 + 6*i. Let m be b(-7). Suppose -2*p - m = -271. Let f = 31798 - 31776. Calculate the highest common divisor of f and p.
22
Let w = 152 + -143. Let n be ((-3160)/36)/(-10) - (-2)/w. Calculate the greatest common divisor of n and 153.
9
Suppose 3*x + 138 = 5*r, 0 = -44*r + 40*r + 2*x + 108. Let z(u) = u**3 - 2*u**2 + 3*u - 6. Let k be z(5). Calculate the highest common factor of r and k.
12
Let s = -33 + 53. Let i be ((-148)/s + 4)*-5. Let k be 34*(-10)/(-8)*2/5. What is the greatest common factor of i and k?
17
Let j = -410 + 427. Let f(r) = 2*r**3 - 32*r**2 - 31*r + 21. Let b be f(j). Calculate the highest common factor of 168 and b.
24
Suppose 2*j = -4*c + 934, -27*c + 23*c - j + 933 = 0. Calculate the greatest common factor of c and 6291.
233
Suppose 5*p - 5*g - 9 = -134, 2*g + 46 = -2*p. Let b be (-4640)/70 + 0 + (-8)/(-28). Let i = p - b. Calculate the highest common divisor of i and 6.
6
Suppose -84 = -117*v + 501. Suppose 2*h + h - 555 = 0. Let p = h - 100. What is the greatest common divisor of p and v?
5
Suppose -5*l = -l - 4*d - 168, -2*l = 2*d - 84. Let m(o) = -67*o + 32. Let a be m(7). Let z = -374 - a. Calculate the greatest common factor of z and l.
21
Let m = -135 - -171. Let d be ((-39)/(-4))/(18/48). Let t be (-194)/(-22) - d/(-143). Calculate the greatest common divisor of t and m.
9
Let y(o) = -o**2 - 4*o - 1. Let z be y(-5). Let s be (-615)/z + (5/(-2) - -2). Let c = -11 + 79. Calculate the highest common factor of s and c.
34
Suppose 605 = 5*m + 53*l - 58*l, l - 635 = -5*m. Calculate the highest common factor of 938 and m.
14
Let c(b) = 342*b + 4144. Let o be c(-12). Calculate the highest common factor of o and 37160.
40
Suppose 4*k - 35 = 5*g, k - 3 - 14 = 2*g. Let w be g/(99/(-3024)) - 1*3. What is the highest common divisor of w and 74?
37
Let x = -36782 + 41865. What is the greatest common divisor of x and 3757?
221
Let s(t) = 23*t + 51. Let d be s(5). Let o = d - 163. What is the highest common factor of 33 and o?
3
Let y(w) = w**3 + 7*w**2 - 2*w - 3. Let u be y(-5). Suppose -3*n - 8*g + 1364 = -6*g, 2284 = 5*n - 2*g. What is the greatest common factor of u and n?
57
Suppose -4*n = 3*s - 3*n - 41, -5*s - 4*n = -66. Calculate the greatest common divisor of s and 3234.
14
Let v = 4265 + -4256. Calculate the highest common factor of v and 5823.
9
Suppose 7*s = 4*s + 12. Let l(k) = 6*k**2 - 3*k + 8. Let h be l(s). Suppose -205 - 94 = -13*o. Calculate the greatest common divisor of h and o.
23
Suppose -42*x = -252 - 336. What is the greatest common divisor of 134 and x?
2
Let j be (-50)/175 + (-142)/(-7). Let z = 10 - 9. Let p be 76 + z*(-12)/(-3). What is the highest common factor of j and p?
20
Suppose -4*g = -4*u + 2*u + 124, 2*u - 5*g - 123 = 0. Suppose -126*x + 130*x = u. What is the greatest common factor of 136 and x?
8
Suppose -52 = -w + 89. Suppose w = -12*p + 14*p - 5*j, 227 = 4*p + j. What is the highest common factor of 145 and p?
29
Let v(f) = 45*f + 53. Let u = -326 + 332. Let i be v(u). Calculate the greatest common divisor of 17 and i.
17
Suppose -3*p = 2*p - s - 449, 0 = -3*p - 5*s + 247. Suppose 1541 = r - 4*j, -39*r - 3*j = -38*r - 1492. What is the greatest common divisor of p and r?
89
Let h = 6472 + -6461. What is the greatest common divisor of h and 2497?
11
Let h(v) = 4*v**3 - 5*v**2 - 44*v + 165. Let z be h(5). Calculate the greatest common factor of 110 and z.
10
Let c = -4004 - -4019. What is the highest common factor of c and 395?
5
Let v(y) = -y**3 + 7*y**2 + 3*y - 7. Let s be v(7). Let j be (-6)/18 + s/6. Suppose 4*x - j - 30 = 0. Calculate the greatest common factor of 20 and x.
4
Let q be (-4)/14 - (10005/(-7) + (-72 - -76)). Calculate the highest common divisor of 57 and q.
57
Suppose -38898 + 3726 = -18*o. What is the greatest common factor of 10 and o?
2
Suppose 35 = 3*t + m, -3*m + 0 = t - 1. Suppose 10*f = t*f - 18. Let u be -8 + f + (-11)/2*-22. What is the highest common divisor of 7 and u?
7
Let z = -22329 + 23089. Calculate the highest common divisor of 1976 and z.
152
Let u = 6387 + -4253. What is the highest common factor of 970 and u?
194
Suppose 19*f - 10*f = -98*f + 1605. Suppose 3*c + 0*d + 41 = -5*d, -5*d - 5 = 0. Let m = 63 - c. Calculate the greatest common factor of m and f.
15
Let c be 4/(-5) + (-30416)/(-320) - 10/8. Let b be ((-9)/(-6))/((-3)/(-124)). Calculate the greatest common divisor of c and b.
31
Suppose -14 = 97*c - 104*c. Suppose 4*x - 3*q - 100 = -0*q, 2*x - 50 = c*q. Calculate the greatest common divisor of 25 and x.
25
Suppose 1206 + 57798 = 81*w - 70*w. Calculate the greatest common factor of w and 180.
36
Let c = 34 + -19. Let o be 18/c*340/51. Calculate the greatest common divisor of 24 and o.
8
Let v be ((-11)/(-11))/((-2)/(-4)). Suppose -93 = -4*f - m + 8, v*m = -6. What is the highest common divisor of 598 and f?
26
Let v(a) = a**3 + 7*a**2 + 7*a. Let y be v(-3). Suppose 10*f = y*f - 180. What is the highest common divisor of 162 and f?
18
Let x(c) = 3*c**3 - 17*c**2 - 7*c - 6. Let u be x(7). What is the highest common divisor of 893 and u?
47
Let v be (-1 - 0)/((-9980235)/(-712875) - 14). Let b be v/85 + (-4 - (-264)/68). Calculate the greatest common divisor of b and 13.
13
Let d(n) = -7*n**2 + 12*n - 14. Let q be d(6). Let c = q - -203. Calculate the greatest common factor of c and 21.
3
Let c = 19 + 0. Let s = c - -3. Suppose -126 = 26*f - 412. Calculate the greatest common factor of s and f.
11
Let f(o) = 9864*o**3 - 9776*o**3 - 2*o + 0*o - 1 + 2*o**2. Let t be f(1). What is the greatest common divisor of 116 and t?
29
Let n(j) = -2*j**3 - 13*j**2 - 27*j + 44. Let z be n(-16). Calculate the highest common divisor of 30 and z.
30
Suppose 18*n + 16*n - 40*n = 0. Suppose 3*v + w - 130 = n, v = 3*v + 4*w - 70. Calculate the highest common factor of 315 and v.
45
Let u = -12 + 32. Su